se 3
-11101221100
-3541954 (base 10) to base 3
-20122221122111
What is 731b3b (base 14) in base 16?
3b47a9
38071 (base 11) to base 16
d579
57504 (base 8) to base 5
1240023
6c0b17 (base 16) to base 9
14281834
-34735 (base 12) to base 14
-1b801
Convert 63116340 (base 7) to base 14.
9c5290
20b46 (base 14) to base 16
134ca
What is -3341105 (base 7) in base 2?
-1100100111010111001
-17a889 (base 12) to base 14
-aa49b
7a41 (base 16) to base 15
9417
Convert -309d78 (base 15) to base 16.
-234572
Convert -88bc (base 13) to base 15.
-59c3
What is 3223012111 (base 4) in base 10?
962965
Convert -88333 (base 10) to base 14.
-24297
Convert -2001302 (base 6) to base 3.
-11202110002
-83400 (base 10) to base 3
-11020101220
Convert -46114214 (base 7) to base 16.
-3d5a13
What is -222102122110121 (base 3) in base 16?
-d655f8
156731 (base 8) to base 2
1101110111011001
Convert -403334100 (base 5) to base 14.
-302b26
Convert 2100222020 (base 3) to base 6.
555523
-12222011010100 (base 3) to base 7
-35650503
-7763610 (base 8) to base 15
-2b47c8
What is 2434811 (base 10) in base 4?
21102123323
What is -572058 (base 14) in base 4?
-23103202032
Convert 6736a (base 15) to base 7.
2534464
What is 1201043402 (base 5) in base 15?
395a6c
Convert -36000 (base 7) to base 8.
-22055
What is 431375 (base 8) in base 3?
21022200222
Convert 348558 (base 11) to base 16.
87049
Convert 100533 (base 6) to base 2.
1111100101001
-1003014 (base 5) to base 7
-64450
What is -7376622 (base 9) in base 8?
-17037011
-10021010011202 (base 3) to base 16
-1a7713
Convert -307423 (base 8) to base 13.
-37669
-407364 (base 8) to base 2
-100000111011110100
What is 17b462 (base 13) in base 9?
1107671
What is -20100001222211 (base 3) in base 10?
-3367246
-25441214 (base 6) to base 4
-3022210222
What is -230022202330 (base 4) in base 5?
-10430440112
What is -56a0c9 (base 13) in base 2?
-111110100011110101110
What is -2101201101 (base 3) in base 7?
-254356
Convert -128127 (base 11) to base 12.
-9848b
What is 241353 (base 8) in base 14?
221ab
What is c8aa6 (base 14) in base 16?
766ba
-612311 (base 9) to base 16
-58846
Convert 16672023 (base 8) to base 12.
137a9ab
12174423 (base 8) to base 11
1574484
Convert 122212110012 (base 3) to base 10.
351707
What is -98b501 (base 12) in base 16?
-250111
-143459 (base 12) to base 10
-337605
Convert -111101101101100111 (base 2) to base 11.
-162a06
Convert 1279405 (base 12) to base 10.
3644933
Convert 3124466 (base 7) to base 3.
201010000022
11141410 (base 5) to base 8
302425
Convert -9695703 (base 10) to base 3.
-200020121000010
2148582 (base 9) to base 13
315638
What is -616045 (base 7) in base 8?
-315566
-49b6d (base 14) to base 3
-100011202101
220121322011 (base 4) to base 8
50317205
Convert b78ab9 (base 12) to base 15.
3c38a9
What is -1336975 (base 13) in base 3?
-102100220221001
-101000110000111110 (base 2) to base 6
-3325010
-1004310 (base 6) to base 2
-1011101000010010
d268 (base 14) to base 2
1000110100111100
What is 7836 (base 9) in base 3?
21221020
Convert 10b013 (base 12) to base 4.
1001121033
What is -6626000 (base 8) in base 4?
-12302300000
23536352 (base 7) to base 12
84b635
1dc60 (base 16) to base 10
121952
What is -8ab6 (base 14) in base 9?
-36016
What is 109bb0c (base 13) in base 7?
61301441
Convert 68710 (base 12) to base 13.
4b504
What is -3034024 (base 6) in base 13?
-50b57
Convert -130400124 (base 6) to base 10.
-2550580
1310132112 (base 4) to base 12
1b0106
-21244102 (base 6) to base 3
-1011220200102
3343223 (base 7) to base 15
82a7b
What is -a7ff51 (base 16) in base 3?
-202201100201002
Convert 43582 (base 13) to base 12.
5a58a
Convert -10102120212211 (base 3) to base 16.
-1bcece
-1b280 (base 16) to base 12
-54454
-3333034114 (base 5) to base 11
-4146888
What is -560566 (base 10) in base 16?
-88db6
Convert -25685661 (base 9) to base 2.
-110000001100011111111111
101000110110111101 (base 2) to base 16
28dbd
Convert -683696 (base 11) to base 14.
-20484a
What is 1300311434 (base 5) in base 15?
41de64
10101211200011 (base 3) to base 11
1025157
Convert 200306 (base 7) to base 12.
1765b
What is -5748457 (base 10) in base 6?
-323113121
What is 37a63 (base 11) in base 3?
2202210020
Convert 14ccdb (base 15) to base 11.
627312
181016 (base 10) to base 3
100012022022
-16025174 (base 9) to base 15
-a7be8a
-ad8428 (base 16) to base 10
-11371560
What is -5309809 (base 10) in base 7?
-63063331
What is -1011101011101101110 (base 2) in base 7?
-3153060
Convert -2132301 (base 6) to base 12.
-51091
What is 242123313 (base 5) in base 13?
307353
Convert 205572 (base 10) to base 12.
9ab70
What is -2821013 (base 9) in base 16?
-17a351
What is -155305 (base 7) in base 11?
-21060
Convert -e377 (base 16) to base 9.
-87781
What is -8444b (base 12) in base 9?
-283815
Convert 1111010111100100100001 (base 2) to base 3.
21120200100022
What is d3603 (base 15) in base 9?
1230463
1180376 (base 10) to base 14
22a248
What is 481506 (base 10) in base 2?
1110101100011100010
What is 325441555 (base 6) in base 14?
acaa63
-2486485 (base 9) to base 2
-101001011001000110101
What is -100011101001000011100 (base 2) in base 11?
-728508
41667 (base 12) to base 9
140387
Convert -2ebe8 (base 16) to base 13.
-691c0
-100111110111011000 (base 2) to base 9
-267881
Convert -11222122112112 (base 3) to base 6.
-132445535
Convert 1110000011111011010 (base 2) to base 11.
2951a5
47266 (base 11) to base 6
1243415
-32721732 (base 8) to base 11
-3a88aa9
What is -23402046 (base 7) in base 9?
-3801656
-335545 (base 8) to base 2
-11011101101100101
Convert 6d2c (base 14) to base 4.
10221230
What is -6639a6 (base 11) in base 6?
-34412222
What is -42458 (base 14) in base 3?
-22010111110
Convert -3441a72 (base 12) to base 4.
-212103002312
930926 (base 11) to base 4
11230313203
4324333 (base 5) to base 7
424631
-5240536 (base 7) to base 3
-1012002120121
What is -1121200202 (base 3) in base 11?
-21a28
What is 12017074 (base 10) in base 4?
231311312302
What is 553031355 (base 6) in base 13?
20a1334
14006668 (base 9) to base 10
6913655
3002033300 (base 4) to base 5
200430012
What is 101232101 (base 4) in base 3?
10200120122
1048b (base 12) to base 10
21419
What is 22202101001111 (base 3) in base 6?
243415234
447982 (base 10) to base 9
752457
Convert 5756c1 (base 13) to base 11.
1193149
1568bb (base 12) to base 4
1120322033
-391131 (base 11) to base 5
-124211113
Convert 4740b (base 12) to base 5.
11030002
Convert -120212021211220 (base 3) to base 5.
-4124230140
Convert -12424773 (base 8) to base 14.
-51d039
698899 (base 10) to base 16
aaa13
What is 6a6b6 (base 15) in base 3?
122020001100
What is -3762720 (base 9) in base 4?
-13310100303
What is 1011011111110001000001 (base 2) in base 15?
3e7e32
Convert -241443 (base 10) to base 12.
-b7883
What is 6605012 (base 8) in base 15?
2500b2
100330310233 (base 4) to base 11
2565470
Convert 7008003 (base 9) to base 8.
16155142
What is -313143320 (base 5) in base 12?
-52a040
What is -34531250 (base 7) in base 2?
-1011100100011101101011
-30b5b97 (base 12) to base 9
-18266057
Convert -773279 (base 12) to base 15.
-275b46
111011111111111111101011 (base 2) to base 10
15728619
-2102421020 (base 5) to base 16
-4240fa
Convert -100011101101011011000 (base 2) to base 4.
-10131223120
373474 (base 10) to base 12
16016a
-1021122013 (base 5) to base 13
-59744c
Convert 305683 (base 10) to base 8.
1125023
What is -1331011211 (base 4) in base 11?
-31aa3a
Convert -415122 (base 7) to base 3.
-10121221210
What is 80431a (base 12) in base 2?
111100111110011000110
What is -41102342 (base 5) in base 3?
-121211212101
-102033211330 (base 4) to base 8
-22174574
Convert -44302312 (base 6) to base 9.
-2446668
1186d96 (base 14) to base 10
8393832
What is 799a03 (base 11) in base 7?
13546245
What is b2744 (base 12) in base 2?
111000110010100100
374707 (base 9) to base 7
1632352
5053317 (base 8) to base 9
2451407
What is -10110001011010100011110 (base 2) in base 16?
-58b51e
Convert 1100010001001011 (base 2) to base 9.
75834
What is -197199 (base 12) in base 10?
-447813
210333003 (base 4) to base 14
3d2cb
-11001100010001110 (base 2) to base 3
-12022110201
What is 238bd (base 14) in base 2?
10101001100001111
-1a9b73 (base 16) to base 11
-a91100
Convert 1233001 (base 5) to base 6.
303410
-110010011111111000 (base 